. Suppose -4*t + 24 = 5*l, 3*t - l - 18 = 4*l. What is the highest common factor of w and t?
6
Let f = -74 + 75. Let l be f/4 - -10*(-1048)/(-64). Calculate the highest common divisor of l and 41.
41
Suppose 6*d = 3*d + 6. Let h be d*4/8*-1. Let m = h - -6. What is the greatest common divisor of 5 and m?
5
Suppose -2*v + 89 = 3*q + 2*q, -4*q + 248 = 5*v. Calculate the greatest common factor of 286 and v.
26
Suppose 0*d - 5*s + 113 = 2*d, 0 = -d + s + 53. What is the highest common divisor of 54 and d?
54
Suppose 2*p + 82 = 150. Calculate the greatest common factor of 102 and p.
34
Let t be (-4)/(-6)*(1 - -12)*6. Let n = -27 + t. Calculate the highest common factor of 175 and n.
25
Let z(c) = c**2 - 14*c + 6. Let s be z(14). Let x be 64/s*1*3. Calculate the greatest common divisor of x and 16.
16
Let m(w) = 6*w. Let z be 2/(-2 - 3/(-1)). Let t be m(z). Calculate the greatest common divisor of 4 and t.
4
Suppose 1 = 2*m - 27. Let o(c) = 17*c + 2. Let w be o(m). Let k be (w/32)/((-1)/(-2)). Calculate the highest common factor of 5 and k.
5
Suppose -14*o + 312 = -2*o. Suppose -5*q + 46 = -3*w, 0 = -4*q + 7*q - w - o. Calculate the highest common divisor of q and 40.
8
Let x be 1905 - (5/(30/(-18)) + 4). What is the greatest common factor of x and 68?
68
Let h be 2/(-4)*(-12 + 0). Let j = 1498 - 1486. What is the greatest common divisor of j and h?
6
Suppose 3*a - 100 = 32. Suppose -a = d - 3*d. Let o(y) = -2*y**3 - 7*y**2 + y + 2. Let v be o(-6). What is the greatest common factor of d and v?
22
Let h(c) = -c**2 - 7*c + 3. Let n be h(-6). Let s = 365 + -359. Let x be n + 1*(s - 4). What is the greatest common factor of 33 and x?
11
Let p be (0/(-3) - -326) + 4. Let t = 54 + -21. What is the greatest common factor of t and p?
33
Suppose 2*k = 3*g, 3*k - 3*g + 1 = g. Let z be (-356)/2 - (k - -1). Let l = -106 - z. Calculate the greatest common factor of l and 10.
10
Suppose 0 = 21*l - 20*l + 4*v - 28, 119 = 5*l - v. Let m = 15 + -7. Calculate the highest common factor of m and l.
8
Let m(n) = -39*n - 1. Let g = 2 - 4. Let z be m(g). Let f = 106 + -99. Calculate the greatest common factor of f and z.
7
Suppose 3*f + 3*z = 0, 0*z + 4*z = 4*f - 8. Calculate the highest common factor of 31 and f.
1
Let k(h) = 10*h + 2. Let b be k(3). Suppose 4*r = u - 10 + 67, b = 2*r - 4*u. What is the highest common factor of 2 and r?
2
Let y = 618 - 294. Calculate the highest common divisor of 36 and y.
36
Let f be ((-1)/2)/((-2)/(-20)). Let b be -40*((-48)/f)/(-4). What is the greatest common divisor of 32 and b?
32
Suppose 3*x = 3*z - 63, 4*z + 10*x - 57 = 5*x. Let v = z + -12. Suppose 5*d = -v + 171. What is the greatest common divisor of d and 33?
33
Suppose 0 = -4*u + 4 + 12. Suppose -u*y = -7*y + 69. Let l = -76 - -145. Calculate the greatest common divisor of l and y.
23
Let x be (-4158)/(-36) + (-3)/(-6). What is the highest common factor of x and 261?
29
Let a(n) = n**3 + 5*n**2 - 5*n + 5. Let g be a(-6). Let q be -2*(-8 + 1) - g. Calculate the greatest common divisor of 15 and q.
15
Let a be 2 + (13 + 2 - 7). Let t(v) = 5*v**2 + 3*v - 2. Let s be t(4). Calculate the highest common factor of a and s.
10
Suppose 3*d + 3*l - 57 = 0, -d + 2*l + 3*l + 13 = 0. Suppose 144*b + 1008 = 165*b. Calculate the highest common factor of b and d.
6
Suppose 2*s - 4*q = 524, -2*q = -4*s - s + 1270. What is the greatest common factor of s and 63?
63
Let z(i) = -i**2 + 5*i - 3. Let h be z(3). Let c(u) = -u**3 + 4*u**2 + 3*u - 3. Let t = 13 - 10. Let d be c(t). What is the highest common factor of h and d?
3
Suppose -4*y + 156 = -4*a, 0*a - a = 5*y - 201. Calculate the highest common divisor of y and 920.
40
Let v(s) = -s**3 - 9*s**2 + 9*s - 2. Let y be v(-10). Let r(o) = o**3 - 8*o**2 + 9*o - 32. Let c be r(8). Calculate the greatest common factor of c and y.
8
Let t be (-4040)/(-48) - 11/66. Calculate the highest common divisor of t and 462.
42
Let n be (-2)/2*2*(-18 + 12). Calculate the highest common factor of 96 and n.
12
Let h(n) = 55*n**2 + n + 4. Let j be h(1). Calculate the greatest common divisor of j and 144.
12
Let t be (-1)/4 - ((-116)/16 - 3). Let z(p) = 2*p**3 - 8*p**2 + 3*p + 5. Let r be z(7). Suppose -3*a - a = -r. Calculate the greatest common divisor of t and a.
10
Let g = -308 + 402. What is the greatest common factor of g and 517?
47
Let h be 28/6 - (96/(-18) - -6). Suppose -2*f + 7 = -5*l - 17, 0 = -2*f - 2*l - h. What is the highest common factor of f and 22?
2
Suppose 13*a = 9*a - 5*r + 9608, -a + 2385 = -3*r. What is the greatest common factor of a and 47?
47
Let a = -36 - -49. Let g(o) = o + 1. Let s be g(4). Suppose -2*l + 4*x + 94 = -56, -s*l + x = -330. Calculate the highest common factor of a and l.
13
Suppose 3*z + 1 - 10 = 0. Suppose 0 = 4*n + z*x - 19, 5*n - 2*x = -0*n - 5. What is the greatest common divisor of n and 11?
1
Let z = 576 + -486. Calculate the highest common factor of 240 and z.
30
Let q be (528/(-15))/(((-312)/(-180))/(-13)). Calculate the greatest common factor of q and 66.
66
Suppose -270 = -11*o + 6*o. Suppose 0 = 2*v - 6 - 4. Let q = 11 - v. Calculate the highest common divisor of o and q.
6
Suppose 4*v - 126 - 1062 = 0. What is the highest common divisor of v and 33?
33
Suppose 3*g = 5*l - 7, 2*l - 5*l + 9 = 3*g. Suppose j = 0, 4*i = -0*j - l*j + 132. Calculate the greatest common factor of i and 3.
3
Let y = 163 + -73. Let z be 24/20*y/4. What is the highest common factor of z and 9?
9
Let v(a) = 2*a**3 - a**2 - a - 1. Let b be (4/5)/((-2)/5). Let g be v(b). Let x = g - -32. What is the highest common factor of 13 and x?
13
Let w = 1207 - 1155. Let m(r) = -95*r + 2. Let q be m(-6). Calculate the greatest common divisor of q and w.
52
Let r be (-47)/(-1*((-20)/(-5) - 3)). What is the highest common divisor of r and 1?
1
Suppose -4*m - a = -4, -2*m - 1 = -5*a - 3. Let w be -3 + (11 - -2)/m. Calculate the highest common divisor of w and 5.
5
Let r(s) = -4*s - 32. Let w be r(-9). Suppose 0*f + 5*f - 10 = -5*u, 0 = u + w. What is the greatest common divisor of 9 and f?
3
Let l be (-44)/((4 + -3 - 2) + 0). Let n = 16 - -34. Suppose 2*z = z + 2, n = 4*q + 3*z. Calculate the greatest common divisor of l and q.
11
Suppose -u + 2*b + 26 = 3*b, b = 2*u - 58. Let l = -25 + u. Let w be l - 0 - (-19)/19. What is the highest common factor of 20 and w?
4
Let r = 75 - 62. Suppose 0 = -2*b + r*b - 3344. Calculate the greatest common factor of b and 38.
38
Let w be (1 - 7)*(-20)/6. Suppose w*r - 22*r + 60 = 0. Suppose 302 = 2*l - 358. What is the greatest common divisor of l and r?
30
Suppose -4*a - 3*n = -31, 3*n - 42 = -3*a - 15. Let d = 38 + -35. Let m be 9 + -7 + 4 + 6/d. Calculate the greatest common divisor of a and m.
4
Suppose 3*q - 43 = -4. What is the highest common divisor of 4 and q?
1
Let t(n) = -n**3 + 3*n**2 + 3*n + 1. Let v be t(4). Let g be -3 + 2 + v + 1. Let j be g + 25 + (-4 - -3). What is the greatest common divisor of j and 63?
21
Let i be (9 + -24)/(3/(-2)). Let x be 161/4 + 1/(-4). Calculate the greatest common divisor of x and i.
10
Let m = -35 - -4. Let z = -12 - m. Let q(w) = 75*w**3 + w**2. Let y be q(1). Calculate the highest common divisor of y and z.
19
Let g be 5*(384/30 + (-1)/(-5)). Let d = 121 - g. Calculate the highest common factor of 7 and d.
7
Let k(s) = -s - 1. Let q be k(9). Let o = 28 + q. Calculate the highest common divisor of 27 and o.
9
Suppose -2*z - 4*r + 491 = -57, 5*r - 819 = -3*z. Let s = z + 40. Calculate the highest common divisor of 11 and s.
11
Let c be (-1)/(-5) - (-1995)/25. Let x(a) = -4*a**3 + a**2 + 2*a + 1. Let i be x(-1). Calculate the highest common divisor of i and c.
4
Let j = -232 - -76. Suppose -3*z - 5*d + 38 = -z, 0 = 4*d + 8. Let t = z - j. Calculate the greatest common divisor of 20 and t.
20
Let z be -2*2/10 - 112/70. Let o be z/9 + 220/18 + -2. Calculate the highest common factor of o and 40.
10
Let a(k) = -k**3 + 7*k**2 + k - 4. Let g be a(7). Let o(i) = i. Let j be o(g). Suppose 2 = -13*y + 119. Calculate the greatest common divisor of j and y.
3
Suppose 0 = -0*l + l + 2. Let t be -5 + (4 + l)*2. Let f be (1 - 2)*t - -19. Calculate the greatest common divisor of f and 4.
4
Suppose j - 23 = 4*m, -5*j - 2*m + 3*m = -39. Suppose 9*l = 2*l + j. Calculate the highest co